3192. What are the prime factors of -1 - 7/(-9) - s/108?
3, 17
Suppose 0*d + 5*d - 61 = -2*b, 0 = 2*d - 3*b - 32. List the prime factors of d.
13
Let z(f) = f**3 + 8*f**2 + 8. Let r be z(-8). What are the prime factors of r + -8 - (1 - 4)?
3
Suppose w - 285 - 1283 = -a, a - 1580 = 2*w. List the prime factors of a.
2, 3, 131
Suppose 59*y - 756 = 56*y. List the prime factors of y.
2, 3, 7
Suppose 3*z - 20 = -2*z. Suppose 2*c - 18 = -3*q - c, q - 6 = z*c. Let r(d) = -d**2 + 10*d - 9. List the prime factors of r(q).
3, 5
Let d(w) = -w**3 - 5*w**2 - 4. Let k be d(-4). Let m = -15 - k. Suppose 35 = b - m*n, -8*n + 4*n = -2*b + 46. What are the prime factors of b?
3, 5
Suppose -2940 = -1690*o + 1687*o. List the prime factors of o.
2, 5, 7
Let r(w) = w**3 + 8*w**2 + 7*w + 3. Let x be r(-7). Suppose 6*c = x*c + 9. Suppose -3*n + 96 = -6*q + c*q, -100 = -3*n + 2*q. What are the prime factors of n?
2, 3
Let o(t) = -t**3 - 5*t**2 - 4*t + 2. Let j be o(-4). Let d(l) = 2*l**j + 0*l**2 + 5*l**2 + 3 + 5*l + l**3. List the prime factors of d(-5).
2, 7
Let z = 5 + -1. Suppose -x - z*x + 40 = 0. Let p(k) = k**2 - 6*k + 6. What are the prime factors of p(x)?
2, 11
Suppose s = -s + 3*u - 33, -2*s + 2*u = 28. Let v(l) = -2*l - 13. Let h be v(s). Suppose -h*i = 0, 3*i - 42 - 24 = -3*b. List the prime factors of b.
2, 11
Let n = 79 + -49. List the prime factors of n/(-1)*4/(-10).
2, 3
Let y be (-12)/(-2)*16/24. Suppose 35 = y*a - 73. Suppose -a - 21 = -2*g. List the prime factors of g.
2, 3
Suppose 12944 = -11*s + 27*s. List the prime factors of s.
809
Let r(x) = 2*x - 14. Let c be r(10). Suppose -2*j = -4*j, 4*j = -a + c. List the prime factors of (-20)/30 + 94/a.
3, 5
Let n(t) = -64*t + 11. Let k(o) = -129*o + 23. Let p(j) = 6*k(j) - 13*n(j). Let f be p(6). Suppose 0 = -12*c + 5*c + f. What are the prime factors of c?
7
Let i = -2 + 8. Suppose 2*a - 5*t = 27, -i*a + 22 = -4*a - 4*t. What are the prime factors of a - (4 + (3 - 11))?
5
Suppose -n + 3*i = -0*n - 125, 0 = n - 2*i - 120. List the prime factors of n.
2, 5, 11
Let j = -1857 - -2807. Suppose 5*h + 4*r = j, -2*h + r + 587 = h. What are the prime factors of h?
2, 97
Let u be (10 - 11)*(-13)/1. Suppose -4*k - 12 = -2*a - 2*a, -3*a + 2*k = -u. What are the prime factors of a?
7
Suppose -2*v - 2 = 8, -j + 2922 = 2*v. List the prime factors of j.
2, 733
Let p be (-181)/(-2)*1*2. Let w = p - 125. Suppose -5*c - 15 = 0, -w = -s + 4*c - 9. List the prime factors of s.
5, 7
Suppose 0 = -4*l + 40 - 4. Let c = 28 - l. What are the prime factors of c?
19
Let d(h) = -h**3 + h**2 + h + 93. Let k be d(0). Let z = k + -65. Let r = -21 + z. What are the prime factors of r?
7
Suppose 3*s = -4*m + 296, 4 = -3*m + 1. Suppose 3*h - 2*v - 164 = 0, -4*h = -2*h + v - s. What are the prime factors of h?
2, 13
Let m = -54 - -6. Let v = 117 + m. List the prime factors of v.
3, 23
Let k = 782 - 260. List the prime factors of k.
2, 3, 29
Let u be ((-5)/(-10))/((-1)/(-2)). Let i(x) = 47*x**3 - 1. List the prime factors of i(u).
2, 23
What are the prime factors of (20 - 1071/(-17))/(2/56)?
2, 7, 83
Suppose -6*l + 4*l = -414. Let b = l - 112. List the prime factors of b.
5, 19
Suppose 376 = -5*z + 9*z. Suppose 7*v + z = 8*v. What are the prime factors of v?
2, 47
Let u(l) = 15*l**2 - 1. Suppose 3*y = -y - 84. Let x be (-9)/7 - 6/y. What are the prime factors of u(x)?
2, 7
Let n be 4/(-2) - (3 + -5). Suppose -q - 2*o = -38 - 11, 3*q + 3*o - 138 = n. What are the prime factors of q?
43
List the prime factors of (332442/12)/33 + (-6)/4.
2, 419
Let q = 15 - -35. Let p = q - -1. What are the prime factors of p?
3, 17
Let i(s) = -s**3 + 8*s**2 - 8*s + 7. Let g be i(7). What are the prime factors of 165/(-15)*(g - 10)?
2, 5, 11
Let m be (-10)/(-4)*16/10. Suppose 3*c + m*v = 28, 15 = 2*c + v - 2. Suppose -5*s + 3*s + c = 0. What are the prime factors of s?
2
Suppose 2*f + 0*f = -0*f. Suppose -2*r - 5*p = -7*r + 560, 5*r + p - 578 = f. List the prime factors of r.
5, 23
List the prime factors of 271*(6/15)/((-8)/(-20)).
271
Let g(i) = 4*i - 2. Let p be g(6). Suppose -4*x - 2*q + 0*q = -186, x - 51 = -2*q. Let c = x - p. What are the prime factors of c?
23
Let t = 27 - 27. Let o be 3 + -3 - (t + 0). Suppose -45 = -o*m - m. List the prime factors of m.
3, 5
Let b be (-2)/(-2)*-4 - 20/(-1). Suppose 0 = 19*c - b*c - 312. List the prime factors of c.
2, 13
Let p(x) = x**2 - 3*x + 9. Let v be p(0). Let s(c) = 4*c + 19. What are the prime factors of s(v)?
5, 11
Let c be ((-1)/3)/(-1 + 1632/1629). List the prime factors of (1 - c)*16/32.
7, 13
Suppose -54*v = v - 47520. What are the prime factors of v?
2, 3
Let l = 36 - 23. Suppose 0 = 3*t - 2*j - 182, 2*j - 37 - 13 = -t. Suppose l = -3*x + t. What are the prime factors of x?
3, 5
Suppose 2*f = 4*x + 5*f - 6820, -5*x - 4*f = -8526. What are the prime factors of x?
2, 23, 37
Let k(y) = -21*y + 26. Let i be k(11). Let h = 348 + i. What are the prime factors of h?
11, 13
Let h(r) = 2*r - 15. Let a be h(11). Suppose a = w - 0. Suppose w*c = 2*c + 65. What are the prime factors of c?
13
Let t(q) = -2*q**2 + 2*q + 1. Let x be t(-1). Let p = 2 + x. What are the prime factors of 1/(p/(-84)*4)?
3, 7
Suppose 3*i = 3144 + 1824. What are the prime factors of 3 - ((-4)/(-6))/((-8)/i)?
3, 47
Let y(k) = -k**3 + 6*k**2 + 3*k - 7. Let h be y(6). Let s(r) be the first derivative of 4*r**2 - 25*r - 53. What are the prime factors of s(h)?
3, 7
Let w = 65 + -70. Let l(z) = -13*z - 3. List the prime factors of l(w).
2, 31
Let a(b) = 57*b**2 + 6*b. What are the prime factors of a(-3)?
3, 5, 11
Let j = 11 + -11. Suppose 5*t - 145 - 190 = j. What are the prime factors of t?
67
Let l(x) = 8*x**2 + 11*x - 13. What are the prime factors of l(-9)?
2, 67
Suppose -2*c - 4*p + 2 = -14, 0 = 2*c - 5*p + 2. Suppose -c*r - q + 4 = 0, -2*r + 5*q + 28 = 2*r. List the prime factors of (34 - r) + (1 - 0).
3, 11
Let k(d) = -7 + 17 + 30*d**2 - 9 + 56*d**2. What are the prime factors of k(-1)?
3, 29
Suppose -25 = -2*c - 3*c, -3*p - 2 = -4*c. Let y be p/14 + 36/14. List the prime factors of 1 + 4 + -3 + y.
5
Suppose 2*i - 5*m = 4 - 2, 3*m = 0. Suppose 0 = -3*v + 31 - i. What are the prime factors of v?
2, 5
Let j = -951 - -2444. List the prime factors of j.
1493
Let c(w) = 6*w**3 + w**2 - w. Let h be c(1). Suppose -228 = -3*o - h. What are the prime factors of o?
2, 37
Let r = -19 + 19. Suppose r = 2*t - 4, t = 3*p - 148. List the prime factors of p.
2, 5
Let o(d) = 3*d - d**2 - 4*d - 5 - 10*d + 3*d. Let t be o(-7). Suppose 0 = t*u + 8, 0*u = 5*v - u - 209. List the prime factors of v.
41
Suppose -745 = -j + i + i, -5*j - 5*i + 3740 = 0. What are the prime factors of j?
3, 83
Let o(d) = 116*d + 81. What are the prime factors of o(7)?
19, 47
Suppose 12 = -2*t + 4*i, -2*t = 5*i + 2 - 26. Suppose -t*w = -222 - 12. What are the prime factors of w?
3, 13
Let i be ((-7)/(-14))/((-2)/(-24)). Let f = i - -76. Suppose 2*j = -2*z + f, 0*j - 3*j = 3. What are the prime factors of z?
2, 3, 7
Suppose 0 = 7*j - 9*j + 4. Suppose 4 = j*p + 6. Let y(g) = -53*g**3 - g**2 - 3*g - 2. What are the prime factors of y(p)?
53
Suppose 0 = 5*j - 5, 112 = -h + 4*j + 618. List the prime factors of h.
2, 3, 5, 17
Let d(t) = -19*t**2 - t + 4. Let a be d(4). Let h = a - -644. List the prime factors of h.
2, 5, 17
Let a be ((-6)/(-18))/((-1)/(-9)). Suppose -7*x = -a*x - 132. Let n = x + -18. What are the prime factors of n?
3, 5
Let i(z) = 181*z**3 + z**2. Let o be i(1). Suppose 50*k - 45*k = 25. Suppose 143 = k*h - o. What are the prime factors of h?
5, 13
Let j = -11 + 13. Suppose 3*m - j*g - 15 = 0, -3*g = m - 1 + 7. List the prime factors of m.
3
Let y(t) = t**3 - 7*t**2 - 2*t - 1. Let r be 99/12 + 2/(-8). Let c be y(r). Suppose 12 = -f + c. List the prime factors of f.
5, 7
What are the prime factors of (-375)/50*(-100)/6?
5
Let u = 1 + 2. Suppose 10 = 4*x + 5*y, -4*x + u*x + 5*y + 15 = 0. Suppose 0 = n - x*n - 2*z + 76, 3*n - 62 = -4*z. What are the prime factors of n?
2, 3
Let x(i) = i**3 - 2*i**2 + 2*i - 4. Let y be x(2). Let r(h) = 3*h + 48. List the prime factors of r(y).
2, 3
Let b(g) = -22*g - 15. Let s(m) = -m - 1. Let l(o) = b(o) - 6*s(o). List the prime factors of l(-4).
5, 11
Let l(s) = -1208*s - 57. What are the prime factors of l(-2)?
7, 337
Suppose 5*l = 2